ppose -v - 1619 = -2*f. Is f a composite number?
False
Let h be 12/6 - 0 - -1. Let s(a) = 29*a**3 - 22*a + 76. Is s(h) a composite number?
True
Let v(a) = a**3 - 3*a**2 - 2*a - 1. Let c be v(4). Let w(m) = 35*m - 37*m + 109*m + 180 - 184. Is w(c) composite?
True
Let r(c) = 4*c - 57. Let x be r(18). Let f be (-2)/4*15/(x/(-4)). Let g(a) = 92*a + 19. Is g(f) a prime number?
False
Let v(j) = j**3 + 12*j**2 + 7. Let c be v(-12). Suppose -6*y - 2*z = -c*y + 1063, z = -4*y + 4297. Is y composite?
True
Let y(n) = 54*n + 58*n - 4*n + 211 + 72*n + 16*n. Is y(33) a prime number?
True
Let x be (13004/(-3))/(12/(-18))*-4. Is x/(-20)*((-20)/(-8) + 0) a prime number?
True
Let j be 10006/10 - 4/(-10). Let u be -10*((-513)/45 - 13). Let b = j - u. Is b a prime number?
True
Suppose 97*t - 41*t = 41*t + 3758745. Is t a composite number?
False
Let r = 27171 + -2890. Is r composite?
False
Let s be ((0 - 0)/(-4))/(-4). Is (-4108 - -2)/(s + -2) a prime number?
True
Suppose -q = -2*t - 3019, 5*q = -4*t - 3885 + 18938. Let x = q - -994. Is x a prime number?
True
Suppose -2*r - 8 = -5*l + 7, 10 = 2*r. Let j(q) = 163*q - 31. Let y(d) = 82*d - 15. Let m(x) = l*y(x) - 2*j(x). Is m(4) a composite number?
True
Let u(s) = -s**3 - 5*s**2 - 6*s - 10. Let v be u(-4). Let k be -4*466*(-2)/8. Is k*v/((-16)/28) a composite number?
True
Let n = -382 - -421. Is ((4/(-2))/4)/(n/(-65442)) composite?
False
Let s be (-5 + 9 - 14)*(-3)/6. Suppose -7*h = -2*h - 28725. Suppose s*t - 5270 = h. Is t a prime number?
True
Suppose -35*s = -1021080 - 789575. Is s a composite number?
True
Suppose 29951374 = -7*n + 65*n. Is n a composite number?
True
Let s(z) = -7*z + 49. Let x be s(6). Let q be x/63 - (-22964)/36. Suppose 3*l - 2019 = y, 35 = l + 3*y - q. Is l prime?
True
Let x = 167 - 92. Is (-2330)/(-15)*x/10 a prime number?
False
Is 6590/25*(-2 - 63/(-14)) a composite number?
False
Let r(q) = 2 - 471*q + 82*q - 7. Let h be r(1). Let j = -131 - h. Is j composite?
False
Let i(c) = 10033*c**2 - 2*c - 2. Suppose 5*n = 63 - 68. Is i(n) a composite number?
True
Let c(r) = r**3 + 4*r**2. Let j be c(-3). Suppose -19 = j*o - 55. Suppose -o*h = -h + 4*k - 127, -2*h + 82 = 2*k. Is h prime?
True
Is 5/(-2)*((-3)/(-12) + (-22308715)/1100) a composite number?
True
Let j(a) = -11142*a - 6001. Is j(-14) prime?
False
Let a = 71 - 64. Let j(t) = t**3 - 7*t**2 + 4*t - 17. Let w be j(a). Suppose -18*r + 987 = -w*r. Is r a composite number?
True
Suppose 7*n - 15390 = 5*n + 4*g, -3*n + 3*g = -23100. Suppose -3*k = -5*c + n, 2*c - 7705 = -3*c - 5*k. Is c composite?
True
Let n be ((-36)/30)/(6/(-20)). Suppose 4*u - 3971 = i, u - 3*i = n*u - 2967. Suppose 0 = 4*q - 4412 - u. Is q composite?
True
Let h(m) = -767*m**2 + m - 1. Let w be h(1). Let d = 1723 - 2195. Let f = d - w. Is f a prime number?
False
Let m = -41 + 43. Suppose -l = x + 8, 4*x + 13 = -m*l - 17. Let c(y) = 64*y**2 + 9*y. Is c(x) composite?
True
Let d be (-8)/20 - 12/(-30). Suppose -4*v + 0*v = 3*k + 7, d = 2*v - 3*k - 19. Suppose 3*h - 410 = 4*c - 9544, v*c - 4578 = -4*h. Is c composite?
True
Suppose 4*a = -8, -6*h = -7*h + 3*a + 341359. Is h composite?
True
Suppose 0 = -15*r - 4885 + 18280. Let c = r + 3329. Is c composite?
True
Let l(v) = 87*v + 1102. Is l(17) a prime number?
False
Suppose 6*n + 4*p = 7260966, -3*p + 5*p + 6 = 0. Is n prime?
True
Let n = -244030 + 422051. Is n composite?
False
Let g(i) = 289*i**2 + 7*i - 3. Let z(q) = 6*q + 82. Let x be z(-14). Is g(x) a prime number?
False
Is 125182/1*11/(17 - -5) prime?
True
Let y = 393682 + 196687. Is y prime?
False
Let p(t) = t**3 + 12*t**2 + 9*t - 5. Let r be p(-11). Let n = -20 + r. Is 381/((-12)/(-4)) - 0/n composite?
False
Suppose 2*u = -7*u + 2340. Let x be ((-76)/3)/((-2)/(-9)). Let d = x + u. Is d a composite number?
True
Is 30/45*(5 + (-336651)/(-6)) composite?
False
Is ((-1399497)/(-6) + 1)*(-144)/(-504) a composite number?
False
Let v = 18504 - -3505. Is v a prime number?
False
Let z be 1 + (6 - 3) + 9. Suppose z*o = 4*o + 45. Suppose -146 = o*i - 1201. Is i a prime number?
True
Suppose 5*r = o + 1494211, 1195382 = -72*r + 76*r - 3*o. Is r composite?
False
Let g = 93517 + -37050. Is g a composite number?
False
Let n be (-60)/100*(1 - -4). Is -1 - n - (2 + -3 + -1400) a composite number?
True
Suppose 205*r - 190*r = 381495. Is r a prime number?
False
Let s(i) = -3*i - 19. Suppose 0 = 13*x - 11*x + 18. Let l be s(x). Let d = l - -38. Is d a composite number?
True
Suppose 11*c - 1498685 = d + 82617, 0 = 2*c - 3*d - 287501. Is c prime?
False
Suppose h = -h + 6. Let u(d) = -7*d + 6. Let c be u(h). Is ((-6)/4)/(c/3310) prime?
True
Let t(a) = -a**3 - 18*a**2 - 25*a + 83. Is t(-47) prime?
False
Suppose -5*c + 50 = 2*v, -20 = -2*c - 2*v - 0*v. Suppose -3*l + 3 = -a - 3, -5*l + c = -2*a. Let k(p) = 18*p**3 - 2*p - 1. Is k(l) prime?
True
Suppose 7693 = 12*n + 1057. Let o = -2 - -7. Suppose -o*t = -6*t + n. Is t a prime number?
False
Suppose 4*i - 32925 = u - 4*u, -5*u + 54904 = -3*i. Is u - 21/35*10 prime?
True
Suppose 8*a + 2*a - 70 = 0. Is 6861*(a/3 - 2) a composite number?
False
Let b(g) = -g**3 - 17*g**2 - 14*g + 31. Let a be b(-16). Is a/(((-224)/76 - -3)/(-37)) prime?
False
Suppose 5*i + 4*f = 14996, i + 2*f - 2237 - 761 = 0. Suppose 4*l - i = -3*q, 4*l + 1139 = -2*q + 4143. Suppose -a + 5*u + l = 0, u + 2 = -0*u. Is a prime?
True
Let q(i) = 415*i - 2. Suppose -2*m - 9 = -5*m. Suppose 1 = m*a + u - 6, 11 = -5*a + 4*u. Is q(a) a composite number?
True
Is (-8 - 526435)*12/(-12) a composite number?
True
Let u be (-2 - 3)*(5 - 283). Suppose -3*g = 2*v - u, 0 = -2*v - 10*g + 6*g + 1386. Is v a prime number?
True
Let g(y) = -y + 7. Let z be g(7). Let i(d) = d - 2. Let l(t) = 5*t - 218. Let m(f) = 2*i(f) - l(f). Is m(z) prime?
False
Let a = -1278490 + 1894541. Is a prime?
True
Let n(x) = -x**2 - 9*x - 11. Let a be n(-8). Let v(b) = 4*b - 90*b - 101*b + 8 - 6*b. Is v(a) a composite number?
False
Let v = -75118 - -122111. Is v a composite number?
False
Suppose 12009861 = -33*o - 2*o + 35290216. Is o a composite number?
False
Let u be (-1)/(-5) - ((-672)/40 + 2). Let d(b) = 40*b**2 - 30*b + 113. Is d(u) prime?
True
Let b be ((-232)/72 - -3) + (-47)/(-9). Let t be ((-6)/(-9))/((-12)/(-90)). Suppose -t*k = -6*k + 2*j + 1215, 0 = -b*j - 5. Is k prime?
True
Suppose -43*p + 20216380 = -21222017 + 13003744. Is p a composite number?
True
Let o(s) = 2*s - 3 + 6*s - 6*s. Let d be o(3). Suppose -1847 = -3*n - 2*j, -j - 8 = -d*j. Is n a composite number?
False
Suppose -9*d - 26711022 = -87*d. Is d composite?
False
Let n = 46 + -29. Suppose 50*x + 27072 = 66*x. Let d = x + n. Is d a prime number?
True
Let c(i) = i + 19. Let u be c(-17). Let t(s) = -19 - 6*s + 7*s**u - 4*s - 4*s. Is t(10) a composite number?
False
Let q be 1*(-1)/3*39*-1. Suppose 0 = -7*z + q + 36. Suppose -2*g + x = -635, 4*g + z*x - 1279 = 6*x. Is g composite?
True
Suppose -10 = 5*k, 0 = c - 5*k - 24 - 6. Is 22332/c - ((-12)/(-15))/(-2) a composite number?
False
Let g(y) = -6*y - 23. Let p be g(-9). Suppose -4*i + 33 = -p. Is (56/i)/((-2)/(-548)) composite?
True
Let w = 162518 + -81009. Is w a prime number?
True
Suppose 286 = 17*x - 802. Suppose -x*q + 69*q = 109795. Is q composite?
True
Let d(t) = -43 - 8*t + 0 - 7*t + 3*t. Suppose 52 = -4*v - 6*o, 48 = -4*v + 7*o - 11*o. Is d(v) prime?
False
Let b(h) = 6*h**2 - 131*h + 27. Is b(-47) prime?
False
Let v = -53503 + 119054. Is v a composite number?
False
Let v(t) = 24*t**3 + 9*t**2 - 15*t - 31. Let h(s) = -5*s + 153. Let z be h(29). Is v(z) a composite number?
False
Is ((-62)/(-93))/((-14)/(-264369)) composite?
False
Let o(z) be the first derivative of -2805*z**4/4 - z**3/3 + 8. Let m be o(-1). Is (2 - (-14)/(-4))/((-6)/m) a composite number?
False
Let i(q) = -2545*q**2 + 4*q - 4. Let c be i(1). Let a = -1484 - c. Is a a prime number?
True
Suppose -8*o + 35 = -o. Suppose -f + 19810 = -o*t, -f + 6*f = 5*t + 98950. Suppose 5*q - 2*i = 3*i + 19740, -5*q - 4*i = -f. Is q prime?
False
Suppose -427 = 35*w + 203. Let l(u) be the third derivative of -u**5/60 - 13*u**4/8 + u**3/6 + u**2. Is l(w) a composite number?
False
Let v be 230/70 + (-2)/7. Suppose 0 = -3*c + v*n + 271 + 26, 2*n = 5*c - 495. Let b = 156 - c. Is b composite?
True
Let n(z) = -53 - 3*z**3 + 175*z + 93*z**2 + 12 + 153*z - 351*z. Is n